-2*l + 0*l + 53 = y. What is the tens digit of l?
2
Suppose -7*o = -270 - 297. What is the units digit of o?
1
Suppose -5*g + 0*g = -2*x - 182, -g + 382 = -4*x. Let n be (x/(-20))/((-1)/(-5)). What is the tens digit of n - (1 + 1) - 3?
1
Let b(x) = x**3 + 4*x**2. Let c be b(-4). Suppose 0*s - 3*s + 48 = c. What is the units digit of s?
6
Let w(v) = v**3 - 4*v**2 + 3*v - 4. Let c = -6 - -9. Let s be w(c). Let r = s - -13. What is the units digit of r?
9
Let r(t) = 7*t**2 + 3*t - 11. What is the units digit of r(-6)?
3
Let q be (-2 - -15 - -1) + 2. Let y = -10 + q. What is the units digit of y?
6
Let i(v) = -2*v**2 - 4*v. Let z be i(-4). Suppose 2*o + 38 = -4*m, 1 = o - m - m. Let k = o - z. What is the units digit of k?
7
Let i(v) = -v**2 + 6*v - 4. Suppose 3*w - 2 = -4*q, 8 + 6 = 2*q - 5*w. Let g(o) = 2*o + 1. Let s be g(q). What is the units digit of i(s)?
1
Let v = -52 + 74. What is the units digit of v?
2
Let r = -152 + 215. Let j = r - 33. What is the tens digit of j?
3
Let p(a) = -a**3 + 2*a**2 + 12*a - 3. Let x(k) = -k**3 + 3*k**2 + 13*k - 4. Let b(g) = 6*p(g) - 5*x(g). What is the tens digit of b(-5)?
1
Let q = 37 + -20. Let n = -6 + q. What is the tens digit of n?
1
What is the tens digit of ((-2)/4)/((-2)/144)?
3
Suppose -20 = -3*m + m. Let k = 22 - m. What is the units digit of k?
2
Suppose -n + 5*i + 22 = 0, -4*i - 8 = 2*n - i. What is the units digit of n?
2
Suppose w - 570 = -4*w. What is the tens digit of w?
1
Let a(d) = -d**3 + 9*d**2 - d + 8. What is the tens digit of a(5)?
0
Let b(r) = r**2 + 1. Let l(h) = -h**3 + 7*h + 5. Let t(o) = 6*b(o) - l(o). Let v be t(-7). Suppose v = -3*g + 10. What is the units digit of g?
3
Let x(v) = v**3 - 7*v**2 - 7*v - 4. Let b be x(8). What is the tens digit of 176/(-11)*(-10)/b?
4
Let d = -6 + 5. What is the units digit of 4/8*(1 - d)?
1
Let m(x) be the second derivative of 0 + 2*x**2 - x + 1/12*x**4 + 5/6*x**3. What is the tens digit of m(-6)?
1
Let g = -3 - 7. Let v = g + 22. What is the tens digit of v?
1
Suppose -7*c + 132 = -5*c. What is the tens digit of c?
6
Let v(w) = 4*w - 3. Let h be v(-4). Suppose -2*s + 20 = -3*l - 45, -3*s + 4*l = -97. Let b = h + s. What is the tens digit of b?
1
Suppose -3*b + 15 = -2*b - 4*s, 0 = -2*s - 6. Let q be -1*b - (-1 - 0). What is the units digit of 6/(q/(-8)*6)?
4
Let v = 42 + -17. Suppose 2*j = -3*k + 27, 4 = -k + 3. Let d = v - j. What is the units digit of d?
0
Let s(x) be the first derivative of x**3/3 + 5*x**2/2 + 7*x + 2. Let z(p) = -p**2 + p. Let n be z(-2). What is the units digit of s(n)?
3
Let u = -45 - -85. Let x be (32/u)/(4/(-10)). Let t = x + 7. What is the units digit of t?
5
Let o(c) = c**2 + 15*c - 14. Let a be o(-10). What is the units digit of (a/(-6))/(2/3)?
6
Let s be (-3)/((-38)/16 + 2). Suppose -2*z - j - s = 0, 0*z - 4 = -2*z - 4*j. What is the units digit of 216/16*(-4)/z?
9
Let o(w) = -w**3 + w**2 + w + 42. What is the tens digit of o(0)?
4
Suppose 4*f + 5*t - 462 = -0*t, -3*f - t = -352. What is the tens digit of f?
1
Let p be (1 - 0)/1 - 1. Suppose a + p*a - 4 = 0. What is the units digit of a?
4
Suppose -j - 28 = j. Let g = 0 - j. What is the units digit of g?
4
What is the tens digit of (14/(-4) - -3) + (-167)/(-2)?
8
Suppose -l - 5*g + 7 = 0, 2*l + g - 7 = -2. Let a(k) = 12*k**l - 2*k - 4 - 10*k**2 + 5. What is the units digit of a(1)?
1
Let d be (-30)/(-9)*(-6)/(-4). Let q = 8 + d. What is the units digit of q?
3
Let l(k) = -k**3 - 2*k**2 + 2*k + 1. Let n be l(-2). Let o be 0/(n/((-9)/(-6))). Suppose o - 2 = -2*d. What is the units digit of d?
1
Let f(w) = -w**3 - 9*w**2 - 4*w - 11. What is the tens digit of f(-9)?
2
Suppose -2*i - 68 = 2*i. What is the units digit of (i + 5)*6/(-8)?
9
Let z = 10 + 50. Suppose -b - 3*b + z = 0. What is the tens digit of b?
1
Let i be ((-2)/(-6))/((-2)/(-54)). What is the units digit of -2*(i/6 - 2)?
1
Let l(a) be the first derivative of 3*a**2/2 + 6*a + 1. Let y be l(8). Suppose 0 = 2*v - 0*v - y. What is the units digit of v?
5
Suppose 4*l = -l + 15. Let u(j) = j + 0*j - 3 + l*j**2 + j**3 - 3*j. What is the units digit of u(-3)?
3
Let h(b) = 2*b**2 + 4*b - 3. Let p be h(2). Suppose s - 8 = -0*s. Let o = p - s. What is the units digit of o?
5
Suppose 0 = 3*u + 3*g - 16 + 43, 0 = -5*u - 2*g - 54. Let c = 37 + u. Suppose -3*l + c = 2*l. What is the units digit of l?
5
Let z(f) = -25 + 4*f**2 - 4*f**2 - 3*f**2 + 16*f + 4*f**2. What is the tens digit of z(-18)?
1
Suppose 0 = 2*o - 6*o + 96. Let g = o - 12. What is the tens digit of g?
1
Suppose -2*y = y. Suppose 0 = -o, 0 = -2*w - o - y*o + 18. What is the units digit of w?
9
Let a be ((-2)/2)/((-2)/6). Suppose a*h + 0*h = -4*u + 12, u - 5*h - 3 = 0. What is the units digit of u?
3
Let r(h) = h + 7. Let n be r(-5). Suppose -4*d + 3 = -5, -3*c + 2 = -5*d. Suppose -n*l = 5*y - 25 - c, 5*l - 47 = -4*y. What is the units digit of l?
7
Let a(i) = i**2 - 2*i - 2. Suppose 5*n = 2*n + 15. Let x be a(n). Let g = x + -7. What is the units digit of g?
6
Let o be 24/4*240/9. Suppose -5*n + 82 = 3*d - 30, -5*d + 5*n + o = 0. What is the tens digit of d?
3
Let x = -198 - -277. Let m = -45 + x. What is the units digit of m?
4
Let l(t) = t**3 + 3*t**2 - 3*t - 1. Let s be l(-3). Suppose -s = -2*p + 2. What is the units digit of p?
5
Let g(a) = 2*a**2 + 5*a - 10. What is the tens digit of g(-7)?
5
Let n = -8 + 11. Suppose -w = -9 - n. What is the units digit of w?
2
Let l(y) = y**3 - 4*y**2 - 5*y + 5. Let c be l(5). Let q(n) = -n**2 + 2*n. Let r be q(6). What is the units digit of (-1)/(-5) - r/c?
5
What is the units digit of ((-4)/(-14))/((-1)/(-7))?
2
Suppose 72 = 4*v - 2*z, -88 = -v - 3*v - 2*z. What is the units digit of v?
0
Let r(t) = t**2 + 5*t + 18. What is the tens digit of r(-6)?
2
What is the units digit of 20 - (12/3)/(-1)?
4
Let g(t) = 5*t**2 + 6*t. Let v(s) = -14*s**2 - 18*s. Let w(f) = 17*g(f) + 6*v(f). Let l be w(6). Suppose 4*a - 16 = -l*a. What is the units digit of a?
4
Let b(i) = 4*i**2 - 2*i - 9. What is the hundreds digit of b(7)?
1
Suppose 0 = 7*s - 220 - 1635. What is the tens digit of s?
6
Suppose 106 = 5*b - 94. What is the tens digit of b?
4
Suppose -3*n + 5*s + 215 = 2*n, 2*n - 80 = -4*s. Suppose 5*c = 3*a + 227, -n - 45 = -2*c + 5*a. What is the tens digit of c?
4
Suppose 5*l = -37 + 12. Let z(j) = j**3 - 7 + 0*j**2 - 2*j - 2*j**2 + 6*j**2 - 5*j. What is the units digit of z(l)?
3
Let t(n) = 3*n - 7. What is the tens digit of t(7)?
1
Let g(n) = -n + 5. Let u be g(5). Let i be (-2)/4*(0 - u). Suppose i = 3*d + 2*d - 4*r - 24, 2*d - 2*r - 8 = 0. What is the units digit of d?
8
Let f(x) = -5*x**2 - 6*x + 1. Suppose -5*d = 4*a + 17 + 18, -28 = 5*a + d. Let l be f(a). What is the units digit of l/(-10) - 4/10?
9
What is the units digit of (1 + (-3954)/12)/(6/(-8))?
8
Let b(i) = i**2 + 2. Let j be b(0). Suppose 0 = -3*n - j*n + 25. Suppose -2*l + n + 33 = 0. What is the units digit of l?
9
Let y = 14 - 23. Suppose 8*d = -0*d - 136. Let k = y - d. What is the units digit of k?
8
Suppose -3*g = -2 - 1. Let a = 5 - g. What is the units digit of a?
4
Suppose y = -2*u - 0*u - 5, -u - y = 5. Let c(k) = 3 - k + u - k + k**3 - 3*k**2. What is the tens digit of c(4)?
1
Let q(o) = -8*o + 8. What is the tens digit of q(-12)?
0
Let t(z) = -z**3 + 2*z - 1. Let u be t(-2). Suppose -4*m = -u*m - 9. What is the units digit of m?
9
Let x = -43 - -168. What is the tens digit of x?
2
Let k = 154 + -24. What is the tens digit of k?
3
Suppose 4*u - 97 = -25. Let p(x) = 7*x - 22. Let i be p(4). What is the units digit of (4/i)/(3/u)?
4
Let u(m) = 5*m**2 - 1 - 4*m**2 + 5. Let q be u(0). Suppose 0 = 4*z - q*v - 48, -4 = z - 3*z - 2*v. What is the units digit of z?
7
Let j(u) = u - 13*u**3 + 2*u**3 - 2*u**3. What is the tens digit of j(-1)?
1
Let t(w) = 2*w + 1. Let y be t(-4). Let o = y - -12. What is the units digit of o?
5
Let k(h) = -h - 1. Let y be k(2). Let p = 5 + y. Suppose -p*c = -0 - 2. What is the units digit of c?
1
Suppose 2*a = -a + 201. What is the units digit of a?
7
Suppose 2*c + 0 + 2 = 0. What is the units digit of ((-6)/(-8))/(c/(-8))?
6
Let i(y) = -y**2 - 6*y + 1. Let u be i(-6). Let x = u - 8. Let f(r) = -r**2 - 6*r + 10. What is the units digit of f(x)?
3
Suppose 0 = 2*f + 2 + 2. What is the tens digit of (14/(-4))/(f/20)?
3
Let g b